 11. Give q(39).
-28
Let y(m) = -2*m**3 - 65*m**2 + 35*m + 43. What is y(-33)?
-23
Let k(o) = o**3 - 76*o**2 + 70*o + 351. Calculate k(75).
-24
Let w(d) = 937*d - 11251. Determine w(12).
-7
Let i(w) = -377*w - 4521. Calculate i(-12).
3
Let z(o) = 47*o + 4320. Determine z(-92).
-4
Let n(o) = 13*o - 151. Determine n(9).
-34
Let d(s) = s**3 + 92*s**2 - 788*s + 1. Calculate d(8).
97
Let b(g) = -2*g**2 + 492*g - 980. Calculate b(2).
-4
Let d(l) = 2520*l + 17649. What is d(-7)?
9
Let d(c) = -27*c - 39. Calculate d(-5).
96
Let c(w) = -w**3 + 8*w**2 + 23*w - 126. Determine c(9).
0
Let h(r) = -r - 15. Determine h(3).
-18
Let w(o) = -23*o - 919. Determine w(-43).
70
Let i(b) = 6*b - 37. Give i(15).
53
Let t(x) = 3*x**3 - 2*x**2 - 3*x - 1. Determine t(-2).
-27
Let u(z) = -4*z**2 - 141*z - 859. Determine u(-8).
13
Let t(c) = 329*c + 3613. Determine t(-11).
-6
Let h(d) = -3501*d + 7001. Determine h(2).
-1
Let f(l) = -2*l**2 - 83*l + 11. Determine f(0).
11
Let x(a) = 2*a**3 - 267*a**2 + 144*a - 1462. Give x(133).
1
Let i(n) = -2*n**3 + 54*n**2 - 107*n + 172. What is i(25)?
-3
Let d(y) = -y**3 + 15*y**2 + 118*y + 85. Give d(-5).
-5
Let m(l) = l**3 + 21*l**2 - 22*l + 133. Give m(-22).
133
Let a(g) = 11*g**2 + 12*g - 62. What is a(4)?
162
Let w(o) = -o**2 + 37*o + 1692. What is w(65)?
-128
Let h(p) = -p**3 - 11*p**2 - 1136*p - 15099. What is h(-13)?
7
Let a(v) = v**3 + 8*v**2 + 77*v + 981. Calculate a(-10).
11
Let d(o) = -2*o**2 - 293*o + 8170. What is d(24)?
-14
Let c(y) = -4049*y + 76930. Give c(19).
-1
Let r(q) = 10*q**3 - 4*q**2 - 26*q + 26. Give r(1).
6
Let s(k) = -233*k + 3286. Determine s(14).
24
Let j(p) = 10*p + 61. Give j(-17).
-109
Let z(p) = p**2 - 141*p - 2374. Give z(156).
-34
Let p(x) = -x**2 + 35*x - 191. What is p(7)?
5
Let d(f) = -71*f + 204. Give d(3).
-9
Let b(h) = h**3 - 2*h**2 + 3*h + 79. Calculate b(0).
79
Let o(d) = -9*d**2 - 22*d - 130. Determine o(-8).
-530
Let c(t) = -12*t - 137. Calculate c(-13).
19
Let s(q) = -q**2 + 5*q + 2. Give s(5).
2
Let u(v) = -v**3 - 25*v**2 + 53*v + 5. Calculate u(2).
3
Let n(w) = 5*w**3 + 47*w**2 + 5*w + 32. Calculate n(-8).
440
Let d(x) = x**3 + 25*x**2 - 257*x + 15. What is d(8)?
71
Let v(j) = 29*j**2 + 89*j + 8. Give v(-3).
2
Let f(j) = -38664*j - 541297. Calculate f(-14).
-1
Let m(c) = 4*c**2 + 59*c - 37. What is m(-15)?
-22
Let x(g) = 5*g**2 - 20*g - 244. What is x(9)?
-19
Let c(s) = -s**2 + 465*s - 13051. Calculate c(30).
-1
Let z(w) = -2640*w - 26402. Give z(-10).
-2
Let g(s) = -227*s - 35424. Determine g(-156).
-12
Let j(d) = -2*d**3 + 44*d**2 - 29*d + 294. Give j(22).
-344
Let s(k) = 206*k - 30072. Calculate s(146).
4
Let n(l) = -79*l + 88. Determine n(3).
-149
Let r(i) = -2*i**2 - 215*i - 4551. Calculate r(-29).
2
Let k(s) = s**2 - s - 5. Give k(2).
-3
Let d(j) = 127*j - 3822. Give d(30).
-12
Let r(d) = 2*d**2 - 35*d - 382. Calculate r(-10).
168
Let h(k) = 1093*k - 96187. Give h(88).
-3
Let b(v) = v**3 - 3*v**2 - 26*v - 229. What is b(9)?
23
Let p(l) = -3*l**2 + 73*l + 896. Calculate p(-9).
-4
Let l(f) = -62*f + 4481. Calculate l(73).
-45
Let p(n) = 8*n**3 - 7*n**2 - 682*n - 682. Determine p(-1).
-15
Let q(f) = -28*f + 1088. Determine q(39).
-4
Let k(z) = -z**3 + 2*z**2 - 21. What is k(0)?
-21
Let m(x) = -9*x**3 - 790*x**2 + 175*x - 81. What is m(-88)?
7
Let p(d) = 5*d + 90. Give p(-26).
-40
Let g(j) = 2*j**3 - 6*j**2 + 30*j - 253. Calculate g(5).
-3
Let q(w) = -30*w**2 - 207*w + 1369. Determine q(-11).
16
Let o(h) = 3781*h - 7590. What is o(2)?
-28
Let p(n) = -102*n - 397. Calculate p(-4).
11
Let i(j) = -10*j**2 - 10*j + 27. What is i(-6)?
-273
Let d(t) = -2*t**2 - 23*t - 22. Calculate d(-2).
16
Let n(y) = y**2 - 4*y - 1168. Determine n(-32).
-16
Let l(h) = -910*h + 18205. Determine l(20).
5
Let m(f) = -7*f - 462. Give m(-7).
-413
Let t(g) = -g**3 - 5*g**2 + 8*g - 218. Calculate t(-8).
-90
Let z(w) = w**3 + 7*w**2 + 45*w + 777. What is z(-10)?
27
Let r(y) = -5*y - 670. Give r(-26).
-540
Let t(n) = -5*n - 511. Determine t(-37).
-326
Let r(t) = 3*t**3 - t**2 - 4*t + 15. Give r(3).
75
Let i(f) = -f**2 - 620*f - 1238. What is i(-2)?
-2
Let p(q) = -q**3 - 16*q**2 - 27*q + 61. What is p(-15)?
241
Let s(z) = 2*z**3 - 5*z**2 + 17*z - 116. Give s(6).
238
Let r(n) = 4*n**2 - 109*n - 944. Calculate r(-9).
361
Let u(n) = 55*n**2 - n + 1. What is u(1)?
55
Let c(u) = -3*u**2 + 14*u - 4. What is c(-1)?
-21
Let n(c) = 144*c + 860. Calculate n(-6).
-4
Let s(w) = -w**2 + 9*w - 11. Calculate s(6).
7
Let l(g) = 2*g**2 + 135*g + 1477. What is l(-12)?
145
Let r(p) = 65*p - 410. Determine r(3).
-215
Let a(c) = -10*c**2 + 5*c + 227. Determine a(5).
2
Let f(m) = m**2 - 171*m - 529. What is f(-3)?
-7
Let x(v) = -v**3 + 30*v - 24. What is x(5)?
1
Let z(p) = 5*p**2 - 4*p - 6. Calculate z(1).
-5
Let f(q) = q**3 - 28*q**2 - 116*q - 383. Give f(32).
1
Let p(o) = -11*o**3 - 123*o**2 - 27*o - 56. Calculate p(-11).
-1
Let r(o) = -o**3 + o**2 - 3*o - 5. Determine r(2).
-15
Let d(p) = 5*p**2 + 7*p + 8. Calculate d(4).
116
Let d(j) = -6*j**2 - 402*j + 405. Give d(-68).
-3
Let s(t) = t**2 + 94*t + 869. Determine s(-9).
104
Let q(z) = 666*z + 5969. Determine q(-9).
-25
Let v(y) = -397*y - 3416. Determine v(-9).
157
Let r(n) = 3*n**2 + 10*n - 37. What is r(5)?
88
Let o(r) = -76*r + 11. Calculate o(-2).
163
Let p(n) = -n**2 - 8*n + 193. Give p(-19).
-16
Let u(q) = -8*q**2 + 218*q - 415. Give u(25).
35
Let u(a) = a**3 - 16*a**2 + 20*a - 18. Determine u(16).
302
Let t(s) = -53*s - 1059. Determine t(-20).
1
Let u(t) = 31*t**3 - 473*t**2 + 477*t - 4. Calculate u(1).
31
Let x(a) = 66*a + 23. Determine x(-2).
-109
Let u(r) = 413*r - 11149. Give u(27).
2
Let r(l) = 407*l + 94016. Give r(-231).
-1
Let l(h) = -h**2 - 32*h - 13. Calculate l(-26).
143
Let g(k) = 51*k - 622. Give g(12).
-10
Let f(m) = 3*m**3 + 25*m**2 - 227*m + 8. Give f(6).
194
Let p(z) = 6*z**2 + 81*z - 192. Determine p(-15).
-57
Let f(u) = -u**3 + 2*u**2 - 2*u - 5. Give f(4).
-45
Let s(v) = 6879*v + 34400. What is s(-5)?
5
Let f(h) = h**3 + 4*h**2 + 124*h + 507. Calculate f(-4).
11
Let m(h) = 71*h**2 + 31593*h - 887. Give m(-445).
3
Let i(d) = -d**3 - 52*d**2 + 53*d. Determine i(-53).
0
Let b(k) = -6*k**3 + 55*k**2 - 61*k + 46. Give b(8).
6
Let j(m) = -4*m**2 + 220*m - 1657. Calculate j(9).
-1
Let v(x) = -x**2 - 23*x - 75. Calculate v(-18).
15
Let y(h) = 4*h**3 - 10*h**2 + 20*h + 1. Give y(2).
33
Let n(k) = -36*k**3 - 2*k**2 - 3*k + 3. What is n(1)?
-38
Let h(z) = -53*z**2 - 94*z + 7. Determine h(-2).
-17
Let h(n) = 193*n + 1550. Calculate h(-9).
-187
Let w(u) = -13*u**2 - 120*u - 155. What is w(-8)?
-27
Let v(r) = -r**2 + 173*r - 5839. What is v(127)?
3
Let b(c) = -c**2 - 100*c - 1978. Give b(-73).
-7
Let d(k) = 2*k**2 - 483*k - 2464. Calculate d(-5).
1
Let t(z) = 8*z - 236. Determine t(27).
-20
Let c(m) = 14*m**2 - 109*m + 13. What is c(7)?
-64
Let o(s) = 103*s + 3321. What is o(-32)?
25
Let v(p) = 6*p + 963. What is v(-30)?
783
Let d(h) = -h**2 + 8786*h - 43897. Give d(5).
8
Let r(q) = 5*q**2 + 140*q - 32. Determine r(-29).
113
Let c(n) = -649*n + 4436. Give c(7).
-107
Let s(z) = -5*z**2 - 38*z - 65. What is s(-5)?
0
Let o(n) = n**3 - 19*n**2 - 2*n + 5. Calculate o(18).
-355
Let m(b) = -b**2 - 1356*b - 4050. Calculate m(-3).
9
Let s(k) = 10*k**2 + 335*k - 697. What is s(2)?
13
Let w(t) = 2*t**2 + t + 51. Determine w(-14).
429
Let h(s) = s**3 - 404*s**2 - 369*s - 14582. Determine h(405).
-2
Let l(h) = 30*h + 304. Give l(-12).
-56
Let o(i) = 174*i**2 + 4875*i + 89. What is o(-28)?
5
Let u(m) = m**2 - 4*m - 3. Calculate u(-5).
42
Let h(u) = 51*u**2 + 308*u - 15. Give h(-6).
-27
Let o(d) = -2*d**2 + 69*d + 96. What is o(36)?
-12
Let k(j) = -j**3 - 7*j**2 + 18*j - 69. What is k(-10)?
51
Let m(w) = -71*w - 203. Calculate m(-3).
10
Let f(y) = -3*y**2 - 225*y - 516. What is f(-72)?
132
Let l(n) = -32*n - 442. Determine l(-15).
38
Let w(z) = 2*z**2 + 59*z - 6470. Calculate w(44).
-2
Let f(p) = 11*p + 192. Calculate f(-18).
-6
Let n(c) = 6*c**2 + 188*c + 1459. Give n(-14).
3
Let j(q) = q**2 - 34*q - 22. Determine j(35).
13
Let f(i) = -4*i**3 - 78*i**2 + 129*i + 8. Give f(-21).
-55
Let k(y) = -2*y - 80. Determine k(12).
-104
Let s(o) = -o**2 - 36*o + 2. Determine s(-36).
2
Let s(j) = -208*j - 1666. Determine s(-8).
-2
Let f(q) = 12*q + 556. Determine f(-47).
-8
Let g(v) = v**3 - 1